02?
101222202
In base 11, what is 13768453 + -4?
1376844a
In base 10, what is 2193 - 61492?
-59299
In base 16, what is 51e9b02 + -3?
51e9aff
In base 10, what is -1 - 174250?
-174251
In base 5, what is -2 + 42211022112?
42211022110
In base 8, what is 4 + 1020734514?
1020734520
In base 14, what is -b785d7 + 23?
-b785b4
In base 14, what is -211 - 10d?
-320
In base 2, what is 0 - 1110100110000100000111111?
-1110100110000100000111111
In base 6, what is -1154450 - -445?
-1154001
In base 5, what is 11242112 + 14221?
11311333
In base 8, what is 3 - -7013270?
7013273
In base 14, what is -2137ba5 + -3?
-2137ba8
In base 3, what is 11202111102122 + 100?
11202111102222
In base 6, what is -15 + 32102131?
32102112
In base 13, what is -217841b - 19?
-2178437
In base 16, what is 4e7b32 + 88?
4e7bba
In base 5, what is -22 - 4123442004?
-4123442031
In base 7, what is -16642 + 3530?
-13112
In base 11, what is -399319 + 1?
-399318
In base 13, what is -99ca530 - -4?
-99ca529
In base 9, what is -8 - -8787536?
8787527
In base 5, what is -232431011 - -224?
-232430232
In base 5, what is -2242211 + 330?
-2241331
In base 7, what is 0 + 1601240?
1601240
In base 5, what is -2144 - -33042230?
33040031
In base 2, what is 10101010 - -1011101111101101?
1011110010010111
In base 3, what is 10221001112 + 1000?
10221002112
In base 14, what is 84b - 2c9?
562
In base 8, what is -43 + 443257?
443214
In base 15, what is -56ca2 + 0?
-56ca2
In base 11, what is 230746 + -162?
230594
In base 13, what is 8783 - 60?
8723
In base 11, what is -96880 + 45?
-96836
In base 5, what is 11231 + 110321?
122102
In base 3, what is 101021021 + 1102202?
102201000
In base 9, what is -462115382 + -5?
-462115387
In base 9, what is 65420 - 1608?
63711
In base 12, what is -4060229 - -3?
-4060226
In base 8, what is -151302 - -161?
-151121
In base 8, what is 23774661 + -4?
23774655
In base 12, what is -24593 - 295?
-24868
In base 4, what is 331 + -2231321012?
-2231320021
In base 16, what is f0d - -2229?
3136
In base 14, what is -d8 + 17716?
1761c
In base 7, what is 111155 - 351?
110504
In base 3, what is 2022112121 + 10002021?
2102121212
In base 4, what is 22 - 20303030233?
-20303030211
In base 9, what is 36 + 11203412?
11203448
In base 9, what is 23 + 76101?
76124
In base 13, what is 38b7 + -7340?
-3756
In base 12, what is 70b41 + 60?
70ba1
In base 14, what is -19d8 - 152?
-1b4a
In base 3, what is -2212010 + -1210212222?
-1220202002
In base 7, what is -522560015 - 12?
-522560030
In base 10, what is 1112 + -66992?
-65880
In base 7, what is 151210 - 264?
150613
In base 12, what is -2898485 + 95?
-28983b0
In base 7, what is 125 - -330461?
330616
In base 5, what is -20331 - -111342?
41011
In base 13, what is 1 - 11b0786b?
-11b0786a
In base 10, what is -22205873 - 5?
-22205878
In base 13, what is -23a533 + 2?
-23a531
In base 13, what is 436780 + -6?
436777
In base 16, what is 22ffa - 964?
22696
In base 16, what is 5 - -27d000?
27d005
In base 16, what is -7f7 + 144?
-6b3
In base 11, what is -2 + 1828a3a?
1828a38
In base 4, what is -3332303012231 + -1?
-3332303012232
In base 3, what is -1100010202102102 - -11?
-1100010202102021
In base 12, what is -84 - 2a2017?
-2a209b
In base 12, what is 230205059 - -5?
230205062
In base 8, what is 7423 + 10660?
20303
In base 11, what is 1399813 - a0?
1399723
In base 3, what is 110120001222 - -1100220?
110121102212
In base 3, what is 1020121200 - -2021002?
1022212202
In base 2, what is 11101110 - 11001001100011011010?
-11001001011111101100
In base 11, what is -aa686 + 14?
-aa672
In base 10, what is -365441 + 38?
-365403
In base 3, what is -210002 + -210122011?
-211102020
In base 16, what is -16e394c2 + 1?
-16e394c1
In base 6, what is 142025153202 + 1?
142025153203
In base 11, what is -11982a747 + 2?
-11982a745
In base 12, what is -54ab + -70a72?
-76361
In base 7, what is 115661 + 10653?
126644
In base 16, what is 2fd4 - -2b1c?
5af0
In base 16, what is -3 + 36ffef3?
36ffef0
In base 13, what is -258 + -10818b?
-108416
In base 7, what is 14015202534 - -3?
14015202540
In base 11, what is 1 + -312615a?
-3126159
In base 14, what is -13 + -283?
-296
In base 12, what is 212 - 11708?
-114b6
In base 10, what is 31276 - 50528?
-19252
In base 14, what is 0 + -1b5440?
-1b5440
In base 12, what is 275 - -558264?
558519
In base 5, what is -232203202022 - 2?
-232203202024
In base 13, what is 462b9 - 2bb2?
43407
In base 9, what is 3 + 151238003?
151238006
In base 15, what is 16d1cb + -2?
16d1c9
In base 13, what is 533 - 5209?
-49a6
In base 12, what is 5 - -6630542?
6630547
In base 9, what is 2847 - 855?
1882
In base 12, what is -1 + aa1287?
aa1286
In base 4, what is 230220333 - -21020?
230302013
In base 4, what is 1213 + 10001?
11220
In base 14, what is -1a0267 + 2b8?
-19dd8d
In base 12, what is 359bb12 - 5?
359bb09
In base 4, what is -303300211 + 31200?
-303203011
In base 10, what is -9292475 + -36?
-9292511
In base 12, what is 1287621 + 25?
1287646
In base 15, what is 36775 - -45?
367ba
In base 5, what is 0 - -10034223312?
10034223312
In base 15, what is -1cd18c73 + 0?
-1cd18c73
In base 10, what is 1 + -46523110?
-46523109
In base 5, what is -10 + -24310343024?
-24310343034
In base 13, what is 2c - 53c99b?
-53c96c
In base 6, what is -14331545 - -14?
-14331531
In base 11, what is -235 + 121a64?
12182a
In base 13, what is 2934054 - -3?
2934057
In base 14, what is 12ca16b - -17?
12ca184
In base 5, what is 24304410434 + -4?
24304410430
In base 16, what is -4 - -16da07?
16da03
In base 2, what is -101 - -1101001111010101100101101011?
1101001111010101100101100110
In base 10, what is -17 + 38177?
38160
In base 6, what is -221423 - 2335?
-224202
In base 5, what is -4312442 - 43223?
-4411220
In base 11, what is -680 - 48051a?
-48109a
In base 3, what is -1001200210 + -20021121?
-1021222101
In base 6, what is 323141401 + -1?
323141400
In base 9, what is -1 + -453482?
-453483
In base 5, what is -12223001010 + -1?
-12223001011
In base 9, what is 73500 + -352?
73137
In base 14, what is 1ca8387 - 1?
1ca8386
In base 12, what is -164aa9 + 21?
-164a88
In base 3, what is 21022 + 1022010100?
1022101122
In base 11, what is 125a6547 + -1?
125a6546
In base 2, what is 100010011011010011101000 - 10?
100010011011010011100110
In base 15, what is 38cd - -5?
38d3
In base 6, what is 34 + 1300212?
1300250
In base 9, what is -276 - 3263325?
-3263612
In base 7, what is -26233 - 331623?
-361156
In base 5, what is -241034342400 - 0?
-241034342400
In base 4, what is -1 - 2023212101221?
-2023212101222
In base 8, what is 42551511 + 2?
42551513
In base 16, what is 502b - 1e?
500d
In base 7, what is -2355 + -142155?
-144543
In base 7, what is -11 + 1500544?
1500533
In base 6, what is -521002451 - 14?
-521002505
In base 15, what is 8 + -8545aca?
-8545ac2
In base 9, what is 202 - -2245278?
2245481
In base 4, what is -130300231100 - 3?
-130300231103
In base 12, what is -277 + -629b?
-6556
In base 13, what is -4928c7 - -3?
-4928c4
In base 13, what is -31152 + -b?
-31160
In base 3, what is 221212010 - 11002121?
210202112
In base 15, what is 3364bc + b?
3364c8
In base 8, what is -7 - 1162551451?
-1162551460
In base 11, what is -986a81 - 2?
-986a83
In base 13, what is b + -2500?
-24c2
In base 9, what is -1543774 + 12?
-1543762
In base 2, what is -11 - -1111000000101011?
1111000000101000
In base 6, what is 3104442330 - -51?
3104442421
In base 7, what is 43 + -1546405?
-1546332
In base 10, what is -2 + -143897654?
-143897656
In base 7, what is 55546523 + -10?
55546513
In base 15, what is -882 - 282b7?
-28b49
In base 8, what is -1040624567 - 1?
-1040624570
In base 15, what is 6 + 7404d7c?
7404d83
In base 14, what is 43a - -18009?
18445
In base 12, what is -255 - 189876?
-189b0b
In base 6, what is -111 - 21452543?
-21453054
In base 15, what is 34be - 15d7?
1dd7
In base 6, what is 1115 + -255443?
-254324
In base 15, what is -50b - 3b1?
-8bc
In base 14, what is 176 + 3227b?
32413
In base 5, what is 11010300 - 21?
11010224
In base 8, what is -23 + -4031353?
-4031376
In base 3, what is 110002102220202 + 10?
110002102220212
In base 4, what is -223032 + -1300312?
-2130010
In base 10, what is 13 - -841553?
841566
In base 8, what is 3017556 + 415?
3020173
In base 15, what is -24a0e30 - -3?
-24a0e2c
In base 5, what is -4242 - -101420134?
101410342
In b